Is 2173948957 composite?
False
Is 1138243097 a composite number?
False
Is 93108339437 prime?
False
Is 19925410027 a composite number?
True
Is 13696057141 composite?
True
Is 1144494641 composite?
False
Is 1327219303 a composite number?
True
Is 23501370302 prime?
False
Is 727353499 prime?
False
Is 101999863 prime?
False
Is 20785193917 a prime number?
True
Is 11988820111 a prime number?
True
Is 2354501459 prime?
False
Is 46178859 composite?
True
Is 5839567153 a prime number?
False
Is 3412514621 prime?
True
Is 62776721467 a composite number?
True
Is 1992892735 a prime number?
False
Is 840138703 prime?
False
Is 355583141 prime?
False
Is 22127568095 composite?
True
Is 79289311 a composite number?
True
Is 2473951 a prime number?
True
Is 7937264443 composite?
False
Is 198891029 a prime number?
False
Is 6291893323 composite?
False
Is 24618893253 a prime number?
False
Is 120959708999 prime?
True
Is 685661329 a composite number?
True
Is 139857637 a composite number?
False
Is 288985237 composite?
True
Is 1458801661 composite?
False
Is 6623369807 composite?
False
Is 198397049 prime?
True
Is 1299768851 a composite number?
False
Is 50026498594 a composite number?
True
Is 3785870057 a prime number?
False
Is 25941370759 a composite number?
True
Is 14729680837 composite?
True
Is 8467969847 a composite number?
True
Is 102511882607 prime?
True
Is 137326333 composite?
False
Is 131508791 composite?
False
Is 1207870933 composite?
False
Is 212013673 composite?
True
Is 248243395007 prime?
True
Is 1394487019 composite?
True
Is 28504233619 composite?
False
Is 200823697 prime?
False
Is 93033214081 a composite number?
False
Is 5699185747 a composite number?
True
Is 368534027 a prime number?
False
Is 268807822501 prime?
False
Is 422078142217 prime?
True
Is 9939715959 a prime number?
False
Is 164849519 composite?
False
Is 124168367255 composite?
True
Is 45071801 prime?
True
Is 6411681067 composite?
True
Is 89906686543 prime?
True
Is 4666404487 composite?
True
Is 2717507059 prime?
True
Is 10597959793 a composite number?
False
Is 14409589343 prime?
True
Is 357080323 prime?
True
Is 27369652507 a composite number?
True
Is 40740378403 a prime number?
True
Is 436407809 prime?
True
Is 204664147 prime?
False
Is 314506631 prime?
False
Is 2189247977 a composite number?
True
Is 3262156333 prime?
False
Is 542179129 a composite number?
True
Is 717185789 a prime number?
False
Is 50609824751 prime?
True
Is 5156104181 prime?
False
Is 46527623251 a composite number?
False
Is 12617475737 composite?
False
Is 441901267 a prime number?
False
Is 175388275759 a composite number?
False
Is 10749879887 prime?
True
Is 2907016841 a composite number?
True
Is 30966211247 prime?
True
Is 164640867 composite?
True
Is 7519936966 prime?
False
Is 274420997 a prime number?
False
Is 14206782817 prime?
True
Is 1368930197 a prime number?
False
Is 2516804777 prime?
False
Is 101010838961 a composite number?
True
Is 426161501 a prime number?
False
Is 18272132141 prime?
False
Is 2746540427 composite?
False
Is 34026514763 a prime number?
True
Is 45796078511 composite?
False
Is 54267699763 prime?
True
Is 1848642617 a prime number?
True
Is 6653725681 a prime number?
True
Is 71117148301 a prime number?
False
Is 119218933 composite?
False
Is 803376447 prime?
False
Is 42327956299 composite?
True
Is 1957715969 a composite number?
True
Is 10272316903 composite?
False
Is 570353055403 a composite number?
False
Is 17760555545 composite?
True
Is 3793885547 a composite number?
False
Is 3095658141 composite?
True
Is 25412098013 a prime number?
True
Is 299098861 a composite number?
True
Is 2758755959 prime?
True
Is 3436313371 a composite number?
True
Is 35402000791 a composite number?
False
Is 883469459 prime?
False
Is 42177413 composite?
True
Is 7654256081 a prime number?
False
Is 3076584971 prime?
False
Is 23283500927 a composite number?
False
Is 45411849037 prime?
False
Is 7753607623 a prime number?
True
Is 22385448089 prime?
True
Is 6023016821 a composite number?
False
Is 165834833 prime?
True
Is 19115654003 a prime number?
True
Is 22628711927 a prime number?
False
Is 1501779803 composite?
True
Is 1729793201 a prime number?
False
Is 17168368961 a prime number?
True
Is 4910816777 composite?
True
Is 9889941469 composite?
False
Is 2752165931 prime?
False
Is 67285368077 prime?
False
Is 42451103497 a prime number?
False
Is 10845844379 a prime number?
True
Is 49695819643 a prime number?
True
Is 24651991241 composite?
True
Is 1718554609 a composite number?
True
Is 17038417511 a composite number?
True
Is 5775193153 composite?
False
Is 153490481 a prime number?
True
Is 822005491 composite?
True
Is 4052512939 prime?
False
Is 413463511 composite?
True
Is 2502726869 a prime number?
True
Is 1266619301 prime?
True
Is 1799421137 a prime number?
True
Is 28438703 a prime number?
True
Is 999891517 a composite number?
True
Is 8309289187 a composite number?
False
Is 65771936569 prime?
True
Is 1518474847 a composite number?
False
Is 7146746 prime?
False
Is 16000250923 a prime number?
True
Is 283013149 composite?
True
Is 1072774379 a composite number?
True
Is 6170855827 a prime number?
True
Is 8224897601 composite?
False
Is 1750872317 a composite number?
True
Is 158954863 prime?
False
Is 887537447 a prime number?
False
Is 38701314829 a composite number?
False
Is 491339059 a composite number?
False
Is 2730554681 composite?
False
Is 138034219 prime?
True
Is 9478828603 a composite number?
False
Is 3151365613 composite?
True
Is 33159067 a prime number?
False
Is 3958036913 prime?
True
Is 4830272137 a prime number?
True
Is 182461207 composite?
True
Is 4402244695 prime?
False
Is 44557181 composite?
True
Is 6097942663 a prime number?
False
Is 19814738773 composite?
True
Is 1744783783 prime?
False
Is 5652822281 prime?
True
Is 338363175143 a composite number?
True
Is 959831027 a prime number?
False
Is 685894471 a composite number?
True
Is 617731399 prime?
True
Is 447106223 prime?
False
Is 7072872167 prime?
True
Is 773635147 prime?
True
Is 3717124217 a prime number?
False
Is 166375369 composite?
False
Is 18492208901 prime?
False
Is 235538741 composite?
False
Is 2323106095 a composite number?
True
Is 206575541 a prime number?
False
Is 592201963 composite?
False
Is 28876835707 a composite number?
True
Is 1923938203 a prime number?
False
Is 4685504281 prime?
True
Is 24822443963 composite?
True
Is 28417041547 composite?
True
Is 3888167153 prime?
False
Is 11985773897 a prime number?
True
Is 671630501 a composite number?
False
Is 482705843 a composite number?
False
Is 3454852069 a prime number?
False
Is 1438537417 a composite number?
False
Is 74786273 composite?
True
Is 646577853 a prime number?
False
Is 5059128713 composite?
False
Is 1612103167 prime?
True
Is 22792339723 a composite number?
True
Is 19557607 a prime number?
True
Is 4527380261 a prime number?
False
Is 204190046 a prime number?
False
Is 889647571 composite?
False
Is 41400174757 a prime number?
False
Is 26000262121 prime?
False
Is 3744369613 prime?
True
Is 2174541119 a prime number?
True
Is 404134873 a composite number?
False
Is 206695771 a composite number?
True
Is 3810988297 composite?
False
Is 10861833049 composite?
True
Is 1211434531 a composite number?
True
Is 8224685699 prime?
True
Is 4211617909 prime?
False
Is 6292857073 a prime number?
True
Is 73902050051 prime?
False
Is 421891483 a prime number?
False
Is 14044050445 a prime number?
False
Is 235944763 composite?
False
Is 59719445993 composite?
False
Is 344519669 a composite number?
True
Is 27588058519 prime?
False
Is 6775325699 a composite number?
True
Is 8626227763 prime?
False
Is 512437621 composite?
False
Is 17862200081 a prime number?
False
Is 396062473 composite?
False
Is 958155707 composite?
True
Is 755140057 a composite number?
True
Is 639979001 prime?
True
Is 86215897 composite?
False
Is 16451604817 composite?
True
Is 13759671281 a prime number?
True
Is 2288919407 a composite number?
False
Is 6659087779 a composite number?
True
Is 22050284189 composite?
True
Is 14550412997 composite?
True
Is 125206911101 a composite number?
False
Is 4225687 a composite number?
True
Is 1944716239 composite?
True
Is 35050243343 prime?
False
Is 3502090447 composite?
False
Is 166796132011 a composite number?
True
Is 4561471051 composite?
False
Is 19214